when 308136 is divided by 243?
12
What is the remainder when 1645113 is divided by 424?
417
What is the remainder when 906482 is divided by 93?
11
Calculate the remainder when 273382 is divided by 68341.
18
What is the remainder when 8090203 is divided by 8090107?
96
Calculate the remainder when 2634692 is divided by 878221.
29
What is the remainder when 36766510 is divided by 2401?
2398
What is the remainder when 98711 is divided by 7305?
3746
What is the remainder when 324541 is divided by 162258?
25
Calculate the remainder when 326059 is divided by 241.
227
Calculate the remainder when 243944 is divided by 190.
174
Calculate the remainder when 126908 is divided by 63030.
848
Calculate the remainder when 309343 is divided by 5948.
47
Calculate the remainder when 24939 is divided by 3410.
1069
What is the remainder when 102113 is divided by 232?
33
Calculate the remainder when 3197023 is divided by 14466.
37
What is the remainder when 15163 is divided by 7181?
801
Calculate the remainder when 3312 is divided by 1078.
78
Calculate the remainder when 5987756 is divided by 1477.
1475
What is the remainder when 25764836 is divided by 11?
9
What is the remainder when 25806 is divided by 1177?
1089
What is the remainder when 18833 is divided by 173?
149
What is the remainder when 508507 is divided by 127096?
123
What is the remainder when 3699697 is divided by 177?
43
What is the remainder when 117186 is divided by 117161?
25
What is the remainder when 7779699 is divided by 1793?
1665
What is the remainder when 1859396 is divided by 50?
46
Calculate the remainder when 51826 is divided by 3242.
3196
Calculate the remainder when 42433 is divided by 306.
205
Calculate the remainder when 210841941 is divided by 330.
321
Calculate the remainder when 97543 is divided by 14.
5
Calculate the remainder when 2197341 is divided by 439423.
226
Calculate the remainder when 29262 is divided by 941.
91
Calculate the remainder when 14512 is divided by 1430.
212
What is the remainder when 5624480 is divided by 102?
98
What is the remainder when 19201508 is divided by 1611?
1610
What is the remainder when 13443244 is divided by 597?
595
Calculate the remainder when 243107 is divided by 3798.
35
What is the remainder when 83033 is divided by 574?
377
Calculate the remainder when 77076 is divided by 1396.
296
Calculate the remainder when 562239 is divided by 2883.
54
Calculate the remainder when 47974 is divided by 12.
10
Calculate the remainder when 166566 is divided by 166514.
52
What is the remainder when 148966 is divided by 19?
6
Calculate the remainder when 771221 is divided by 1700.
1121
Calculate the remainder when 2040589 is divided by 491.
484
Calculate the remainder when 2072224 is divided by 2248.
1816
What is the remainder when 272377311 is divided by 608?
607
Calculate the remainder when 45064 is divided by 146.
96
What is the remainder when 27908 is divided by 213?
5
Calculate the remainder when 8472564 is divided by 328.
324
What is the remainder when 22534542 is divided by 3774?
3762
Calculate the remainder when 7184246 is divided by 1436845.
21
Calculate the remainder when 1634157 is divided by 1053.
954
What is the remainder when 20078 is divided by 6522?
512
Calculate the remainder when 1996993 is divided by 4812.
13
What is the remainder when 48972 is divided by 202?
88
Calculate the remainder when 30754709 is divided by 54.
35
What is the remainder when 224707 is divided by 224600?
107
What is the remainder when 18708 is divided by 4614?
252
What is the remainder when 20791053 is divided by 1144?
1141
What is the remainder when 11335602 is divided by 3778531?
9
Calculate the remainder when 611870 is divided by 27799.
292
Calculate the remainder when 24148 is divided by 5891.
584
Calculate the remainder when 22399925 is divided by 732.
725
What is the remainder when 2991617 is divided by 1372?
657
What is the remainder when 380015074 is divided by 455?
439
Calculate the remainder when 9958259 is divided by 65.
64
What is the remainder when 1723532 is divided by 6529?
6405
What is the remainder when 30271738 is divided by 189?
175
Calculate the remainder when 7328838 is divided by 3664409.
20
What is the remainder when 40061052 is divided by 41?
34
Calculate the remainder when 417734 is divided by 208856.
22
What is the remainder when 14245318 is divided by 755?
733
What is the remainder when 855268 is divided by 3328?
3300
What is the remainder when 24821405 is divided by 11831?
11798
Calculate the remainder when 2317 is divided by 266.
189
Calculate the remainder when 1405259 is divided by 1404951.
308
What is the remainder when 33450224 is divided by 20?
4
What is the remainder when 74076 is divided by 73055?
1021
What is the remainder when 126304 is divided by 917?
675
Calculate the remainder when 11551788 is divided by 2337.
2334
Calculate the remainder when 1628482 is divided by 66.
64
Calculate the remainder when 1023892 is divided by 3414.
3106
Calculate the remainder when 934440387 is divided by 9604.
9603
What is the remainder when 6166081 is divided by 6166044?
37
Calculate the remainder when 282061 is divided by 3365.
2766
Calculate the remainder when 46360856 is divided by 313249.
4
Calculate the remainder when 13355 is divided by 403.
56
What is the remainder when 402964 is divided by 436?
100
What is the remainder when 615460 is divided by 512?
36
What is the remainder when 1118355 is divided by 915?
225
Calculate the remainder when 623325 is divided by 9044.
8333
Calculate the remainder when 2770346 is divided by 692585.
6
Calculate the remainder when 266189 is divided by 2076.
461
Calculate the remainder when 54256 is divided by 54247.
9
What is the remainder when 24804 is divided by 1128?
1116
Calculate the remainder when 139605 is divided by 54.
15
What is the remainder when 20579704 is divided by 6859888?
40
What is the remainder when 22487578 is divided by 1798?
1790
What is the remainder when 220275 is divided by 254?
57
Calculate the remainder when 2136265 is divided by 132.
109
What is the remainder when 566081 is divided by 945?
26
Calculate the remainder when 777692489 is divided by 4549.
4547
Calculate the remainder when 25026 is divided by 12292.
442
Calculate the remainder when 31110309 is divided by 10.
9
What is the remainder when 82533047 is divided by 271?
268
What is the remainder when 1347204 is divided by 2376?
12
What is the remainder when 366224483 is divided by 8430?
8423
What is the remainder when 8918 is divided by 5519?
3399
Calculate the remainder when 40807855 is divided by 113355.
55
What is the remainder when 256049 is divided by 29?
8
What is the remainder when 600103 is divided by 10?
3
What is the remainder when 5099922 is divided by 4961?
14
What is the remainder when 1669402 is divided by 2026?
2004
What is the remainder when 53442 is divided by 8144?
4578
Calculate the remainder when 899810 is divided by 899788.
22
Calculate the remainder when 53801437 is divided by 397.
394
Calculate the remainder when 284839 is divided by 550.
489
What is the remainder when 1529509 is divided by 509625?
634
What is the remainder when 202298014 is divided by 41?
37
Calculate the remainder when 155204 is divided by 845.
569
Calculate the remainder when 1227807 is divided by 296.
295
Calculate the remainder when 25071 is divided by 24632.
439
What is the remainder when 6815 is divided by 566?
23
What is the remainder when 6983854 is divided by 775983?
7
Calculate the remainder when 668936 is divided by 334142.
652
Calculate the remainder when 43512 is divided by 12434.
6210
What is the remainder when 935907 is divided by 29247?
3
What is the remainder when 44927 is divided by 10465?
3067
Calculate the remainder when 36795 is divided by 34909.
1886
Calculate the remainder when 114351 is divided by 815.
251
Calculate the remainder when 81148 is divided by 1178.
1044
What is the remainder when 1722238 is divided by 4160?
4158
What is the remainder when 135410 is divided by 135380?
30
What is the remainder when 174335 is divided by 5437?
351
What is the remainder when 2211426 is divided by 355?
131
What is the remainder when 76492 is divided by 670?
112
Calculate the remainder when 1905886 is divided by 229.
148
C